{"id":8064,"date":"2022-04-06T14:46:33","date_gmt":"2022-04-06T14:46:33","guid":{"rendered":"https:\/\/staging.liquid-themes.com\/arc-interiordesign2\/?page_id=8064"},"modified":"2026-03-02T21:11:11","modified_gmt":"2026-03-02T21:11:11","slug":"contact","status":"publish","type":"page","link":"https:\/\/crisbarcala.com.ar\/inicio\/contact\/","title":{"rendered":"Contact"},"content":{"rendered":"\t\t<div data-elementor-type=\"wp-page\" data-elementor-id=\"8064\" class=\"elementor elementor-8064\">\n\t\t\t\t\t\t<section class=\"elementor-section elementor-top-section elementor-element elementor-element-1d3038bb elementor-section-content-middle elementor-section-boxed elementor-section-height-default elementor-section-height-default\" data-id=\"1d3038bb\" data-element_type=\"section\" data-e-type=\"section\">\n\t\t\t\t\t\t<div class=\"elementor-container elementor-column-gap-default\">\n\t\t\t\t\t<div class=\"elementor-column elementor-col-100 elementor-top-column elementor-element elementor-element-5282d8c9\" data-id=\"5282d8c9\" data-element_type=\"column\" data-e-type=\"column\">\n\t\t\t<div class=\"elementor-widget-wrap elementor-element-populated\">\n\t\t\t\t\t\t<div class=\"elementor-element elementor-element-526c3306 elementor-widget__width-auto elementor-widget elementor-widget-hub_fancy_heading\" data-id=\"526c3306\" data-element_type=\"widget\" data-e-type=\"widget\" data-widget_type=\"hub_fancy_heading.default\">\n\t\t\t\t<div class=\"elementor-widget-container\">\n\t\t\t\t\t\n\t\t<div id=\"ld-fancy-heading-6a0207c317dae\" class=\"ld-fancy-heading pos-rel\">\n\t\t\t<h6 class=\"ld-fh-element d-inline-block pos-rel  elementor-heading-title lqd-highlight-classic lqd-highlight-grow-left h6\"  > CONTACTO<\/h6>\t\t<\/div>\n\n\t\t\t\t\t\t<\/div>\n\t\t\t\t<\/div>\n\t\t\t\t\t<\/div>\n\t\t<\/div>\n\t\t\t\t\t<\/div>\n\t\t<\/section>\n\t\t\t\t<section class=\"elementor-section elementor-top-section elementor-element elementor-element-2ca6136a elementor-section-content-middle elementor-section-boxed elementor-section-height-default elementor-section-height-default\" data-id=\"2ca6136a\" data-element_type=\"section\" data-e-type=\"section\" id=\"contact-section\">\n\t\t\t\t\t\t<div class=\"elementor-container elementor-column-gap-default\">\n\t\t\t\t\t<div class=\"elementor-column elementor-col-100 elementor-top-column elementor-element elementor-element-12130c2d\" data-id=\"12130c2d\" data-element_type=\"column\" data-e-type=\"column\">\n\t\t\t<div class=\"elementor-widget-wrap elementor-element-populated\">\n\t\t\t\t\t\t<div class=\"elementor-element elementor-element-5bd7a672 elementor-widget elementor-widget-ld_cf722\" data-id=\"5bd7a672\" data-element_type=\"widget\" data-e-type=\"widget\" data-widget_type=\"ld_cf722.default\">\n\t\t\t\t<div class=\"elementor-widget-container\">\n\t\t\t\t\t\n\t<div class=\"lqd-contact-form lqd-contact-form-inputs-underlined lqd-contact-form-inputs-border-none lqd-contact-form-button-block lqd-contact-form-button-lg lqd-contact-form-inputs-sm\" >\n\t\t\n<div class=\"wpcf7 no-js\" id=\"wpcf7-f8073-o1\" lang=\"en-US\" dir=\"ltr\" data-wpcf7-id=\"8073\">\n<div class=\"screen-reader-response\"><p role=\"status\" aria-live=\"polite\" aria-atomic=\"true\"><\/p> <ul><\/ul><\/div>\n<form action=\"\/inicio\/wp-json\/wp\/v2\/pages\/8064#wpcf7-f8073-o1\" method=\"post\" class=\"wpcf7-form init\" aria-label=\"Contact form\" novalidate=\"novalidate\" data-status=\"init\">\n<fieldset class=\"hidden-fields-container\"><input type=\"hidden\" name=\"_wpcf7\" value=\"8073\" \/><input type=\"hidden\" name=\"_wpcf7_version\" value=\"6.1.5\" \/><input type=\"hidden\" name=\"_wpcf7_locale\" value=\"en_US\" \/><input type=\"hidden\" name=\"_wpcf7_unit_tag\" value=\"wpcf7-f8073-o1\" \/><input type=\"hidden\" name=\"_wpcf7_container_post\" value=\"0\" \/><input type=\"hidden\" name=\"_wpcf7_posted_data_hash\" value=\"\" \/>\n<\/fieldset>\n<style>\n :root{\n --cb-ink:#18161c;\n --cb-muted:#6e6774;\n --cb-line:rgba(24,22,28,.10);\n --cb-bg:#ffffff;\n --cb-panel:#fbf7ff;\n --cb-panel-2:#f6efe7;\n --cb-soft:#fcf9ff;\n\n --cb-accent:#c9ab7a;\n --cb-accent-2:#eadfce;\n\n --cb-radius:18px;\n --cb-shadow:0 18px 40px rgba(24,22,28,.08);\n\n --cb-btn1:#f6efe7;\n --cb-btn2:#ffffff;\n --cb-btn-border:rgba(24,22,28,.14);\n --cb-btn-ink:#18161c;\n }\n\n .cb-cf7 *{box-sizing:border-box;}\n\n .cb-cf7{\n width:100%;\n margin:0;\n padding:0;\n font-family:\"DM Sans\", system-ui, -apple-system, Segoe UI, Roboto, Arial, sans-serif;\n color:var(--cb-ink);\n }\n\n .cb-cf7__shell{\n background:linear-gradient(180deg, #fcfaf7 0%, #faf6ff 100%);\n border:1px solid var(--cb-line);\n border-radius:28px;\n padding:clamp(18px,2.2vw,28px);\n box-shadow:var(--cb-shadow);\n }\n\n .cb-cf7__head{\n margin:0 0 18px;\n }\n\n .cb-cf7__kicker{\n display:inline-flex;\n align-items:center;\n gap:10px;\n margin:0 0 14px;\n color:#af9269;\n font-size:12px;\n font-weight:700;\n letter-spacing:.18em;\n text-transform:uppercase;\n }\n\n .cb-cf7__kicker::before{\n content:\"\";\n width:9px;\n height:9px;\n border-radius:50%;\n background:var(--cb-accent);\n box-shadow:0 0 0 6px rgba(201,171,122,.12);\n flex:0 0 auto;\n }\n\n .cb-cf7__title{\n margin:0 0 8px;\n font-family:\"Cormorant Garamond\", Georgia, serif;\n font-size:clamp(2.1rem,4vw,3.6rem);\n line-height:.98;\n letter-spacing:-.02em;\n font-weight:400;\n color:var(--cb-ink);\n }\n\n .cb-cf7__title span{\n color:var(--cb-accent);\n }\n\n .cb-cf7__intro{\n margin:0;\n font-size:15px;\n line-height:1.75;\n color:var(--cb-muted);\n max-width:64ch;\n }\n\n .cb-cf7__grid{\n display:grid;\n grid-template-columns:1fr 1fr;\n gap:14px;\n margin-top:20px;\n }\n\n .cb-cf7__field{\n border:1px solid var(--cb-line);\n border-radius:var(--cb-radius);\n background:rgba(255,255,255,.94);\n padding:12px 12px 10px;\n }\n\n .cb-cf7__label{\n margin:0 0 8px;\n font-size:12px;\n font-weight:800;\n letter-spacing:.04em;\n text-transform:uppercase;\n color:rgba(24,22,28,.76);\n }\n\n .cb-cf7 input[type=\"text\"],\n .cb-cf7 input[type=\"email\"],\n .cb-cf7 input[type=\"tel\"],\n .cb-cf7 select,\n .cb-cf7 textarea{\n width:100%;\n border:1px solid rgba(24,22,28,.10);\n border-radius:14px;\n padding:13px 14px;\n font-size:14px;\n line-height:1.4;\n outline:none;\n background:linear-gradient(180deg,#ffffff 0%, var(--cb-soft) 100%);\n color:var(--cb-ink);\n box-shadow:none;\n transition:border-color .18s ease, box-shadow .18s ease, background .18s ease;\n }\n\n .cb-cf7 select{\n appearance:none;\n -webkit-appearance:none;\n background-image:\n linear-gradient(45deg, transparent 50%, rgba(24,22,28,.55) 50%),\n linear-gradient(135deg, rgba(24,22,28,.55) 50%, transparent 50%);\n background-position:\n calc(100% - 18px) calc(50% - 3px),\n calc(100% - 12px) calc(50% - 3px);\n background-size:6px 6px, 6px 6px;\n background-repeat:no-repeat;\n padding-right:38px;\n }\n\n .cb-cf7 textarea{\n resize:vertical;\n min-height:150px;\n }\n\n .cb-cf7 input:focus,\n .cb-cf7 select:focus,\n .cb-cf7 textarea:focus{\n border-color:rgba(201,171,122,.60);\n box-shadow:0 0 0 4px rgba(201,171,122,.14);\n background:#fff;\n }\n\n .cb-cf7 .wpcf7-not-valid-tip{\n font-size:12px;\n margin-top:8px;\n color:#b42318;\n }\n\n .cb-cf7 .wpcf7-response-output{\n border-radius:16px;\n padding:12px 14px;\n margin:16px 0 0;\n font-size:14px;\n }\n\n .cb-cf7__accept{\n font-size:12px;\n color:var(--cb-muted);\n line-height:1.65;\n margin-top:4px;\n }\n\n .cb-cf7__accept a{\n color:var(--cb-ink);\n text-decoration:none;\n border-bottom:1px solid rgba(24,22,28,.22);\n font-weight:700;\n }\n\n .cb-cf7__actions{\n display:flex;\n gap:10px;\n align-items:center;\n justify-content:flex-start;\n margin-top:4px;\n }\n\n .cb-cf7 input[type=\"submit\"]{\n width:100%;\n border:1px solid var(--cb-btn-border);\n border-radius:18px;\n padding:15px 18px;\n font-weight:800;\n font-size:13px;\n letter-spacing:.12em;\n text-transform:uppercase;\n cursor:pointer;\n color:var(--cb-btn-ink);\n background:linear-gradient(180deg, var(--cb-btn2) 0%, var(--cb-btn1) 100%);\n box-shadow:0 14px 28px rgba(24,22,28,.08);\n transition:transform .14s ease, filter .14s ease, box-shadow .14s ease;\n }\n\n .cb-cf7 input[type=\"submit\"]:hover{\n transform:translateY(-1px);\n filter:brightness(1.01);\n box-shadow:0 18px 34px rgba(24,22,28,.11);\n }\n\n .cb-cf7 input[type=\"submit\"]:active{\n transform:translateY(0);\n }\n\n .cb-cf7__span2{\n grid-column:1 \/ -1;\n }\n\n @media (max-width:820px){\n .cb-cf7__grid{\n grid-template-columns:1fr;\n }\n .cb-cf7__span2{\n grid-column:auto;\n }\n .cb-cf7__shell{\n border-radius:22px;\n padding:16px;\n }\n }\n<\/style>\n<div class=\"cb-cf7\">\n\t<div class=\"cb-cf7__shell\">\n\t\t<div class=\"cb-cf7__head\">\n\t\t\t<div class=\"cb-cf7__kicker\">\n\t\t\t\t<p>Contacto \u00b7 Cris Barcala\n\t\t\t\t<\/p>\n\t\t\t<\/div>\n\t\t\t<h3 class=\"cb-cf7__title\">Conversemos <span>juntas<\/span>\n\t\t\t<\/h3>\n\t\t\t<p class=\"cb-cf7__intro\"><br \/>\nComplet\u00e1 el formulario y te responderemos a la brevedad para ayudarte con tu consulta, propuesta o inter\u00e9s.\n\t\t\t<\/p>\n\t\t<\/div>\n\t\t<div class=\"cb-cf7__grid\">\n\t\t\t<div class=\"cb-cf7__field\">\n\t\t\t\t<p class=\"cb-cf7__label\">Nombre y apellido *\n\t\t\t\t<\/p>\n\t\t\t\t<p><span class=\"wpcf7-form-control-wrap\" data-name=\"nombre\"><input size=\"40\" maxlength=\"400\" class=\"wpcf7-form-control wpcf7-text wpcf7-validates-as-required\" autocomplete=\"name\" aria-required=\"true\" aria-invalid=\"false\" placeholder=\"Tu nombre completo\" value=\"\" type=\"text\" name=\"nombre\" \/><\/span>\n\t\t\t\t<\/p>\n\t\t\t<\/div>\n\t\t\t<div class=\"cb-cf7__field\">\n\t\t\t\t<p class=\"cb-cf7__label\">Email *\n\t\t\t\t<\/p>\n\t\t\t\t<p><span class=\"wpcf7-form-control-wrap\" data-name=\"email\"><input size=\"40\" maxlength=\"400\" class=\"wpcf7-form-control wpcf7-email wpcf7-validates-as-required wpcf7-text wpcf7-validates-as-email\" autocomplete=\"email\" aria-required=\"true\" aria-invalid=\"false\" placeholder=\"tu@email.com\" value=\"\" type=\"email\" name=\"email\" \/><\/span>\n\t\t\t\t<\/p>\n\t\t\t<\/div>\n\t\t\t<div class=\"cb-cf7__field\">\n\t\t\t\t<p class=\"cb-cf7__label\">Tel\u00e9fono \/ WhatsApp *\n\t\t\t\t<\/p>\n\t\t\t\t<p><span class=\"wpcf7-form-control-wrap\" data-name=\"telefono\"><input size=\"40\" maxlength=\"400\" class=\"wpcf7-form-control wpcf7-tel wpcf7-validates-as-required wpcf7-text wpcf7-validates-as-tel\" autocomplete=\"tel\" aria-required=\"true\" aria-invalid=\"false\" placeholder=\"+54 ...\" value=\"\" type=\"tel\" name=\"telefono\" \/><\/span>\n\t\t\t\t<\/p>\n\t\t\t<\/div>\n\t\t\t<div class=\"cb-cf7__field\">\n\t\t\t\t<p class=\"cb-cf7__label\">Pa\u00eds *\n\t\t\t\t<\/p>\n\t\t\t\t<p><span class=\"wpcf7-form-control-wrap\" data-name=\"pais\"><select class=\"wpcf7-form-control wpcf7-select wpcf7-validates-as-required\" aria-required=\"true\" aria-invalid=\"false\" name=\"pais\"><option value=\"\">Seleccion\u00e1 tu pa\u00eds<\/option><option value=\"Argentina\">Argentina<\/option><option value=\"Chile\">Chile<\/option><option value=\"Uruguay\">Uruguay<\/option><option value=\"Paraguay\">Paraguay<\/option><option value=\"Bolivia\">Bolivia<\/option><option value=\"Per\u00fa\">Per\u00fa<\/option><option value=\"Colombia\">Colombia<\/option><option value=\"M\u00e9xico\">M\u00e9xico<\/option><option value=\"Espa\u00f1a\">Espa\u00f1a<\/option><option value=\"Estados Unidos\">Estados Unidos<\/option><option value=\"Otro\">Otro<\/option><\/select><\/span>\n\t\t\t\t<\/p>\n\t\t\t<\/div>\n\t\t\t<div class=\"cb-cf7__field\">\n\t\t\t\t<p class=\"cb-cf7__label\">Motivo de contacto *\n\t\t\t\t<\/p>\n\t\t\t\t<p><span class=\"wpcf7-form-control-wrap\" data-name=\"motivo\"><select class=\"wpcf7-form-control wpcf7-select wpcf7-validates-as-required\" aria-required=\"true\" aria-invalid=\"false\" name=\"motivo\"><option value=\"\">Eleg\u00ed una opci\u00f3n<\/option><option value=\"Quiero sumarme al Club\">Quiero sumarme al Club<\/option><option value=\"Soporte \/ acceso \/ pagos\">Soporte \/ acceso \/ pagos<\/option><option value=\"Prensa \/ entrevistas\">Prensa \/ entrevistas<\/option><option value=\"Propuesta corporativa\">Propuesta corporativa<\/option><option value=\"Charlas \/ eventos\">Charlas \/ eventos<\/option><option value=\"Otro\">Otro<\/option><\/select><\/span>\n\t\t\t\t<\/p>\n\t\t\t<\/div>\n\t\t\t<div class=\"cb-cf7__field\">\n\t\t\t\t<p class=\"cb-cf7__label\">Inter\u00e9s \/ servicio\n\t\t\t\t<\/p>\n\t\t\t\t<p><span class=\"wpcf7-form-control-wrap\" data-name=\"interes\"><input size=\"40\" maxlength=\"400\" class=\"wpcf7-form-control wpcf7-text\" aria-invalid=\"false\" placeholder=\"Ej: Club Mujeres Sin Edad, charla, workshop...\" value=\"\" type=\"text\" name=\"interes\" \/><\/span>\n\t\t\t\t<\/p>\n\t\t\t<\/div>\n\t\t\t<div class=\"cb-cf7__field cb-cf7__span2\">\n\t\t\t\t<p class=\"cb-cf7__label\">Mensaje *\n\t\t\t\t<\/p>\n\t\t\t\t<p><span class=\"wpcf7-form-control-wrap\" data-name=\"mensaje\"><textarea cols=\"40\" rows=\"10\" maxlength=\"2000\" class=\"wpcf7-form-control wpcf7-textarea wpcf7-validates-as-required\" aria-required=\"true\" aria-invalid=\"false\" placeholder=\"Contame brevemente qu\u00e9 necesit\u00e1s, tu ciudad, fechas o cualquier detalle importante...\" name=\"mensaje\"><\/textarea><\/span>\n\t\t\t\t<\/p>\n\t\t\t<\/div>\n\t\t\t<div class=\"cb-cf7__span2 cb-cf7__accept\">\n\t\t\t\t<p><span class=\"wpcf7-form-control-wrap\" data-name=\"acepto\"><span class=\"wpcf7-form-control wpcf7-acceptance\"><span class=\"wpcf7-list-item\"><label><input type=\"checkbox\" name=\"acepto\" value=\"1\" aria-invalid=\"false\" \/><span class=\"wpcf7-list-item-label\">Acepto la <a href=\"https:\/\/crisbarcala.com.ar\/inicio\/politica-de-privacidad\/\" target=\"_blank\" rel=\"noopener\">Pol\u00edtica de Privacidad<\/a> y autorizo el contacto por email.<\/span><\/label><\/span><\/span><\/span>\n\t\t\t\t<\/p>\n\t\t\t<\/div>\n\t\t\t<div class=\"cb-cf7__span2 cb-cf7__actions\">\n\t\t\t\t<p><input class=\"wpcf7-form-control wpcf7-submit has-spinner\" type=\"submit\" value=\"Enviar consulta\" \/>\n\t\t\t\t<\/p>\n\t\t\t<\/div>\n\t\t<\/div>\n\t<\/div>\n<\/div><div class=\"wpcf7-response-output\" aria-hidden=\"true\"><\/div>\n<\/form>\n<\/div>\n\t<\/div>\n\n\t\t\t\t\t<\/div>\n\t\t\t\t<\/div>\n\t\t\t\t\t<\/div>\n\t\t<\/div>\n\t\t\t\t\t<\/div>\n\t\t<\/section>\n\t\t\t\t<\/div>\n\t\t","protected":false},"excerpt":{"rendered":"<p>CONTACTO Nombre y apellido * Email * Tel\u00e9fono (opcional) Pa\u00eds * Seleccion\u00e1 tu pa\u00edsArgentinaChileUruguayParaguayBoliviaPer\u00faColombiaM\u00e9xicoEspa\u00f1aEstados UnidosOtro Empresa \/ Organizaci\u00f3n (opcional) Motivo de contacto * Eleg\u00ed una opci\u00f3nQuiero sumarme al ClubSoporte \/ acceso \/ pagosPrensa \/ entrevistasPropuesta corporativa (empresas)Charlas \/ eventosOtro Presupuesto estimado (opcional) Seleccion\u00e1 un rangoSin presupuesto definidoHasta USD 500USD 500\u20131.500USD 1.500\u20135.000USD 5.000+ Servicio \/ inter\u00e9s [&hellip;]<\/p>\n","protected":false},"author":2,"featured_media":0,"parent":0,"menu_order":0,"comment_status":"closed","ping_status":"closed","template":"","meta":{"footnotes":""},"class_list":["post-8064","page","type-page","status-publish","hentry"],"_links":{"self":[{"href":"https:\/\/crisbarcala.com.ar\/inicio\/wp-json\/wp\/v2\/pages\/8064","targetHints":{"allow":["GET"]}}],"collection":[{"href":"https:\/\/crisbarcala.com.ar\/inicio\/wp-json\/wp\/v2\/pages"}],"about":[{"href":"https:\/\/crisbarcala.com.ar\/inicio\/wp-json\/wp\/v2\/types\/page"}],"author":[{"embeddable":true,"href":"https:\/\/crisbarcala.com.ar\/inicio\/wp-json\/wp\/v2\/users\/2"}],"replies":[{"embeddable":true,"href":"https:\/\/crisbarcala.com.ar\/inicio\/wp-json\/wp\/v2\/comments?post=8064"}],"version-history":[{"count":24,"href":"https:\/\/crisbarcala.com.ar\/inicio\/wp-json\/wp\/v2\/pages\/8064\/revisions"}],"predecessor-version":[{"id":9241,"href":"https:\/\/crisbarcala.com.ar\/inicio\/wp-json\/wp\/v2\/pages\/8064\/revisions\/9241"}],"wp:attachment":[{"href":"https:\/\/crisbarcala.com.ar\/inicio\/wp-json\/wp\/v2\/media?parent=8064"}],"curies":[{"name":"wp","href":"https:\/\/api.w.org\/{rel}","templated":true}]}}